w = -o - 16, a*w - 5*o - 40 = 0. Determine v(w).
-1
Suppose 5*i = -b - 11, 24*b + 10 = 26*b + 2*i. Let g(s) = -4*s + 22. Give g(b).
-14
Suppose 0*o = 3*b - 4*o + 7, 0 = -2*b + 5*o - 14. Let t(y) be the second derivative of y**3/6 - y**2 - 32*y. Determine t(b).
1
Let s(r) = r**3 - 8*r**2 + 6*r + 10. Let f be 2*(-9 - -10) - -5. What is s(f)?
3
Let y(q) = 3 - q**3 - 2*q**2 - 2 - 2 + q. Let d = 22 - 32. Let r = -13 - d. Give y(r).
5
Let w be -1 + (0/((-12)/4))/(-2). Let r(t) = -t - 1. Let s(m) = -21*m**2 - 4*m - 7. Let o(d) = w*s(d) + 6*r(d). Give o(1).
20
Let j(c) = -13*c**3 + c**2 - 2*c + 1. Let a = -425 + 426. Calculate j(a).
-13
Suppose 2*t + 53 - 49 = 0. Let d be (0 - 0 - t) + 7 + -4. Let f(k) = k**3 - 4*k**2 - 5*k + 2. What is f(d)?
2
Let s be (-2)/(-2) - (-17 + 14). Let u be 0 - 3/(1 - s). Let z(b) = -2*b**3 - b**2 - b + 1. What is z(u)?
-3
Suppose 180 = -6*h + 36*h. Let v(a) = a**2 - 6*a - 1. Give v(h).
-1
Let v(i) = i**3 - 7*i**2 - i. Let q be v(7). Let s(z) be the first derivative of -z**2/2 - 6*z + 4. Let l be s(q). Let m(t) = 9*t**2 + t. What is m(l)?
10
Suppose -13*y - 12 = -9*y. Let g(q) = q**3 + 2*q**2 - q + 5. Let z be g(y). Let l(b) = -5*b**2 - 1. Determine l(z).
-6
Suppose 4*s - 3*h + 24 = 0, 11 = 4*h - 5. Let l(u) = -6*u - 7. Determine l(s).
11
Let x(o) be the first derivative of o**2/2 - 19*o + 14. Determine x(0).
-19
Let m(j) = -8*j + 3. Let l(u) be the second derivative of 4*u**2 - 23/6*u**3 + 0 + 3*u. Let z(a) = 6*l(a) - 17*m(a). What is z(-4)?
5
Let d(r) = r**3 + 5*r**2 - 3*r - 6. Let b be (210/168)/(1*1/(-4)). Calculate d(b).
9
Let r(i) = i**2 + 3*i - 7. Suppose -35*j - 10 = -33*j. Give r(j).
3
Let f(x) = 2*x**2 - 5*x - 23. Let j = 38 - 31. Let z(h) = h**2 - 2*h - 12. Let a(c) = j*z(c) - 4*f(c). Calculate a(8).
-8
Let c(m) = m**3 + m**2 + 3*m - 1. Suppose -5*a = 5*w - 2*a - 21, 2*w - 2 = 2*a. Determine c(w).
44
Let s(m) = -m**3 - 6*m**2 - 4*m + 2. Let i(u) = -u**2 + 8*u - 5. Let n be i(8). Let a be s(n). Let t = a + 1. Let y(x) = x**2. What is y(t)?
4
Let i(n) = 552*n**3 - 6*n - 7*n**2 - 553*n**3 - 2*n. Give i(-6).
12
Let a(u) be the third derivative of -3*u**7/280 + u**6/180 - u**5/60 + u**4/24 + u**3 + 11*u**2. Let q(w) be the first derivative of a(w). What is q(1)?
-8
Let j(b) be the second derivative of b**4/12 - 2*b**3 + 15*b**2/2 + 68*b + 2. Calculate j(11).
4
Let j(r) = -r - 16. Let f = 42 - 42. Let n be (f/1)/((-5)/((-20)/8)). Give j(n).
-16
Let s(z) = -4*z - 2*z + 5*z + 1. Let j be s(1). Let r(b) = -b + 2*b + j*b. What is r(-1)?
-1
Let d(w) = -15*w**3 + w**2 - 1. Let q be ((-4)/36*3)/((-5)/15). Let j(c) be the first derivative of c**3/3 - 3*c**2/2 + c - 1. Let t be j(q). What is d(t)?
15
Let d(g) = -6*g - 8. Let j(s) = s + 1. Let i(l) = -d(l) - 10*j(l). Let b be (-4)/(-7) - ((-180)/(-14))/5. Calculate i(b).
6
Let i(v) = v**3 + 3*v**2 - v + 3. Suppose -4*g = -4*p + 24, 3*p - 5 = -2*g - 2. Give i(g).
6
Let f(q) = -q**3 - 4*q**2 - 2*q + 2. Let z(g) = g**3 + 13*g**2 - 14*g + 2. Let h be z(-14). Suppose 0 = 5*j - r + 15, -h*j - 9 = 4*r - 5*r. What is f(j)?
-2
Let k(b) be the third derivative of -b**6/120 + 7*b**5/30 - 5*b**4/12 - 3*b**3/2 - 31*b**2 - 18*b. Determine k(13).
30
Let o(u) = 8*u - 1. Let f(a) = 23*a - 2. Let j(z) = -6*f(z) + 17*o(z). Let c(l) = 2*l + 1. Let t(x) = -3*c(x) - j(x). Give t(2).
-6
Let u(a) = 7*a + 1. Let s be (-2)/(-14) + (-142)/14. Let x be (24/(-30))/(2/s) - 3. Calculate u(x).
8
Let m(o) = 3*o + 2. Let b be m(-5). Let a be (-4)/26 + 11/b. Let u be (7/(-7))/(a - 0). Let r(v) = -v. Give r(u).
-1
Let x(f) = -8*f**3 + f**2. Let q(t) = -2*t**2 - 14*t + 87. Let o be q(-11). What is x(o)?
9
Let a(s) = -s - 3. Let c(o) = -o - 5. Let v(x) = -5*a(x) + 3*c(x). Suppose -113*j - 8 = -105*j. What is v(j)?
-2
Let k(x) be the first derivative of x**4/2 + x**3/3 - x**2/2 + x + 1. Let z(o) be the first derivative of 4*o**2 - 58*o + 46. Let q be z(7). Give k(q).
-9
Let o be -9 + 2 - (-3)/1. Let i(v) = -v**3 - 6*v**2 - 6*v - 3. What is i(o)?
-11
Let j be -2 + 10 - (0 + 2). Let w be 8/(-4*(1 + (-3)/j)). Let i(k) = 2*k**2 + 4*k - 4. Determine i(w).
12
Let d be (9 - -2)*(-1 + 2). Let p be 83/(-9) + 6/27. Let j = d + p. Let z(f) = -f**2 + f - 2. Give z(j).
-4
Let j = -243 - -246. Let f(b) be the first derivative of 5*b**2 - 3 + 1/3*b**j + 9*b. What is f(-7)?
-12
Let n(x) = -7*x**3 + 1. Let o(f) = f**2 + 6*f - 5. Let t be o(-7). Suppose -2*p = -4*p + t. Calculate n(p).
-6
Let q(o) be the second derivative of -o**3/3 - 2*o**2 - 250*o. Determine q(-9).
14
Suppose u + 5*b - 5 = 4*b, 5*u - 5*b = 15. Let r(i) = -i - 5*i + 0*i**2 + u*i + 1 - i**2. Suppose -35*z - 8 = -33*z. What is r(z)?
-7
Suppose 0 = -z - 3*q + 18, -5*z + 53 = 2*q + 15. Let v = z + -3. Suppose v*u - 13 = 5*w + 2*u, -2 = -2*w - 2*u. Let t(o) = 2*o**2 - o - 1. Determine t(w).
9
Let c be ((-2)/(-3))/((-6)/63). Let z(o) = -3*o + 1. Let m be z(c). Let l be (-70)/m + (-4)/(-22). Let d(h) = 2*h**2 + 4*h + 4. Give d(l).
10
Let i be (3 - 9/12)*4. Let q(h) = -i*h**3 + 8*h**2 + h - 6 - 4*h**3 + 12*h**3. What is q(8)?
2
Let j = -185 - -190. Let l(z) be the third derivative of -6*z**2 + 0*z - 1/20*z**j + 0 + 1/8*z**4 + 1/2*z**3. Calculate l(-2).
-15
Let y = -49 + 111. Let q = 67 - y. Let u(r) = 3*r - 4. Give u(q).
11
Let l(h) = -h**2 - 9*h - 5. Let g be l(-8). Let v be (-9)/(-5) + (-11)/(-55). Let u be ((g - 5) + v)/2. Let o(t) = -t**2 - t + 7. Calculate o(u).
7
Let p = -1199 + 2399/2. Let h(t) be the second derivative of -1/2*t**2 - p*t**3 + 4*t + 0 + 1/12*t**4. Give h(5).
9
Let k(y) = 7*y. Let b(g) = g**2 - 15*g - 1. Let l(i) = 2*b(i) + 5*k(i). Calculate l(-6).
40
Let l(h) = -h**3 + 1. Suppose 4*r = 3*s + 112, -3*r - s - 2*s + 105 = 0. Let p = 32 - r. Give l(p).
0
Let y(i) = 14*i**3 + i**2 + 4*i - 3. Let x(z) = -11*z**3 - z**2 - 3*z + 2. Let c(k) = 3*x(k) + 2*y(k). Determine c(-2).
38
Suppose -2*v + v = -10. Let d = v + -16. Let z(o) = -62 + 56 + 7*o - 9*o + 2*o + o. Calculate z(d).
-12
Let k(a) = -a + 5. Let x(f) = -f**3 + f**2 - 2*f - 10. Let j be x(-2). Give k(j).
-1
Let a(u) = -u**2 + 29*u + 94. Let w be a(32). Let d(t) = t**3 + 5*t**2 + 3*t + 2. Determine d(w).
8
Let r be ((-42)/(-7))/(3 + -1). Let g(v) = 2*v. Let w be g(-2). Let y = w + r. Let f(k) = k**2 + k. Give f(y).
0
Suppose 0 = -4*u + 26 - 6. Let b(j) = -3*j. Let s(g) = -6*g. Let i(l) = u*b(l) - 3*s(l). Calculate i(-6).
-18
Let k(m) = -11*m + 14. Let j(b) = 11*b - 11. Let r(n) = 5*j(n) + 4*k(n). Let a(w) = -w + 4. Let p be a(3). Calculate r(p).
12
Suppose 5*n + 2*s + 0 = 17, n = 5*s - 2. Let v(w) = -14*w + n*w**2 - 2*w**2 + 3*w + 91 - 79. Calculate v(10).
2
Let q be 6/4*(80/(-3))/(-4). Let h(w) be the third derivative of -w**6/120 + 3*w**5/20 + 3*w**4/8 + 2*w**3 - 9*w**2. Give h(q).
2
Let t(r) = -2 - 26*r - 2 - 27*r + 50*r. Give t(3).
-13
Let w(x) = -14*x - 196. Let r be w(-14). Let j(h) = h - 6. What is j(r)?
-6
Suppose -k - 2*z = 3, -13 = -3*k + 2*k + 2*z. Let o(g) = g**3 - 5*g**2 - 2*g + 3. Determine o(k).
-7
Let w(v) = 19*v + 2. Let k(y) be the third derivative of 5*y**4/12 + y**3/6 - y**2 + 13. Suppose -5*t + 16 = -9. Let b(r) = t*k(r) - 3*w(r). Calculate b(-1).
6
Let p(s) = s**2 + 9*s + 11. Suppose 5*u + 18 + 32 = -5*x, -x = -2*u + 4. Determine p(x).
3
Let t = 126 - 119. Let o(j) = -j**2 + 9*j + 5. Give o(t).
19
Let q be 9/9*(-46)/8 - -6. Let y(a) be the first derivative of -q*a**4 - 3*a + 2 + 8/3*a**3 - 3*a**2. Calculate y(7).
4
Let b(h) be the second derivative of h**5/20 + 7*h**4/12 - 7*h**3/6 + 3*h**2 + 3*h + 13. Give b(-8).
-2
Let l(k) be the first derivative of -k**4/4 + k**3/3 + 2*k**2 - 3*k - 234. What is l(2)?
1
Let k = -2 - -7. Let r be (-2)/(-8)*(-20)/k. Let c(t) be the third derivative of -t**5/60 - t**4/8 - t**3/6 - 8*t**2. Determine c(r).
1
Let f(o) = -187*o - 180*o + 366*o - 2. Suppose m = -2, -h - 2*m = 11 - 5. Determine f(h).
0
Let x(h) be the third derivative of h**4/24 + 3*h**3/2 + 5*h**2. Suppose -100*u - 24 = -96*u. Calculate x(u).
3
Let t be -4 - 0 - -2 - -4. Let p be 3 - (t - (2 - -1)). Let a(c) = c**3 - 3*c**2 - 3*c + 1. Determine a(p).
5
Let c be (2 - 5/5) + 72. Let h(b) = -71 + 145 - c + b. Determine h(1).
2
Let k(y) = y**3 + 6*y**2 + 2*y + 4. Let s(t) = 31*t + 211. Let m be s(-7). What is k(m)?
-8
Suppose 0*n = -4*n - 8. Let f(i) = -97 - 2*i + 0*i**2 - 3*i**2 + 97.